ed by c + 45 - (-3 + 2).
41
Let u = 3069 - 2919. Let r(k) = 3*k**2 + 4*k - 3. Calculate the remainder when u is divided by r(2).
14
Let n(c) = 2*c**2 - 10*c - 2. Let d be (29 + -8)*(-1)/(-3). What is the remainder when n(d) is divided by 7?
5
Let u(a) = 20*a**2 - 233*a + 16. Calculate the remainder when 370 is divided by u(12).
70
Let f = 0 - -8. Let g = -66 - -111. Let w = g + -22. What is the remainder when w is divided by f?
7
What is the remainder when 122 is divided by (-2)/10 + ((-63570)/75)/(-13)?
57
Let i = 2 + 4. Let v(r) = 5*r - 9. Let k = 175 - 136. What is the remainder when k is divided by v(i)?
18
Suppose -3*i = -w - 5*i, -5*w - 5*i = -20. Suppose 124 = 6*x - 14. Calculate the remainder when x is divided by w.
7
Calculate the remainder when (-16)/((-128)/(-280))*300/(-14) is divided by 21.
15
Suppose 12*k + 13 = 13*k. Suppose -5*w + 22 + 73 = 0. Calculate the remainder when w is divided by k.
6
Let t = -467 + 486. What is the remainder when t is divided by 2?
1
Suppose -6*k = 68 + 4. What is the remainder when (-2)/4 + (-2154)/k is divided by 45?
44
Suppose 7*a - 3*a = 3*z + 224, 2*a + z - 112 = 0. Calculate the remainder when 111 is divided by a.
55
What is the remainder when (2 + -3)/((-7)/189) is divided by (-54)/(-4) - (-1)/2?
13
Let j = -32 + 18. Let i(y) = -2*y. Let a be i(j). Suppose -3*o - 24 = -2*g, a = 4*g - o - 0. Calculate the remainder when g is divided by 3.
0
Let n(b) = -b**2 + 25*b - 17. Calculate the remainder when n(21) is divided by 17.
16
Suppose 0 = 5*w + 4*t + 10, -26 = w - 2*t - 2*t. Let i be ((-158)/(-3))/(w/9). Let l = i - -112. What is the remainder when l is divided by 17?
16
Suppose r - 6*r + 110 = -2*i, -r + 3*i + 22 = 0. Calculate the remainder when r is divided by 12.
10
Let a be (2 + -1)/((-9)/(-126)). Let k = 21 - a. Suppose 26 = -m + 3*m. Calculate the remainder when m is divided by k.
6
Suppose -x = 4*x - 45. Suppose 3*j - 69 = -x. What is the remainder when j is divided by 6?
2
Let g(a) = -a**3 + 10*a**2 + 34*a - 124. Calculate the remainder when g(11) is divided by 26.
25
Let t(i) = -i + 3. Let y be t(0). Suppose 5*f + p - 31 = 0, 4*f - 13 - 3 = -y*p. Calculate the remainder when f is divided by 2.
1
Suppose -648 = -10*k + 112. What is the remainder when k is divided by 18?
4
Let f(r) = -11*r - 3. Let h be f(1). Let d = h + 18. Calculate the remainder when 17 is divided by d.
1
Suppose 3*g - 8*g - 5*h = -205, -4*h - 196 = -4*g. What is the remainder when 153 is divided by g?
18
Suppose 3*d + 28 - 4 = 0. Let w = -3 - d. Suppose w*z = -4*n + 3, 26 = 3*n - 0*z - z. What is the remainder when 25 is divided by n?
4
Suppose 32*m - 38*m + 342 = 0. Calculate the remainder when 247 is divided by m.
19
Let l = -1251 - -2340. Calculate the remainder when l is divided by 28.
25
Let s = -183 + 346. What is the remainder when 333 is divided by s?
7
Suppose 5*i - 19 = -4*s, -3*s + 4*i = 5*i - 28. Calculate the remainder when 51 is divided by s.
7
Suppose x - 2*x + 4*y = 0, -x + 2*y = 0. Suppose x = 7*s + 27 - 699. Calculate the remainder when s is divided by 33.
30
Suppose -73*d + 453 = -36 - 2358. What is the remainder when d is divided by ((-4)/(-2))/(4/42)?
18
Suppose y = -2*y - 12. Let o(m) = -m**3 - 4*m**2 - 2*m + 4. Suppose -2*c - 4*c = -138. What is the remainder when c is divided by o(y)?
11
Let k(z) = 3*z + 52. Calculate the remainder when k(14) is divided by ((-3)/2)/((-1)/22).
28
Let i = -665 + 906. What is the remainder when i is divided by 35?
31
Let f = 4 + -1. Suppose -3*c + 4 = 1. Calculate the remainder when f is divided by c.
0
Suppose 0 = -10*m + 12*m - 296. Calculate the remainder when m is divided by 57.
34
Let l = 2 - -3. Suppose -5*c + 40 - l = 0. Calculate the remainder when 26 is divided by c.
5
Let g(h) = 4*h**3 - 65*h**2 + 21*h - 10. What is the remainder when g(16) is divided by 39?
31
Suppose -4*s = -0*s - 32. Suppose -m + 2*m = 20. Calculate the remainder when m is divided by s.
4
Let i(r) = -r**3 - 2*r**2 + 2*r - 3. Let j be i(-4). Suppose 2*q = -5*u + j, -3*u - 41 = -3*q - u. Calculate the remainder when 2/(-8) + 306/8 is divided by q.
12
What is the remainder when 33 is divided by 12 + 1 - (1 + (-2 - -1))?
7
Let o(r) = -3*r - 14. Let h be o(-6). Suppose 4*g + 515 = 3*i, 0 = -0*i + 5*i - h*g - 845. Calculate the remainder when i is divided by 42.
39
Suppose 26*u - 5 = 25*u. Let q(j) = 3*j + 15. Let d = 28 + -20. What is the remainder when q(u) is divided by d?
6
Let y(v) be the second derivative of v**3/2 + 39*v**2/2 + 3*v. Calculate the remainder when y(-5) is divided by 7.
3
Let b = -900 - -970. What is the remainder when b is divided by 18?
16
Suppose 0 = 2*h - 5*l - 327, -4*l - 383 - 253 = -4*h. Calculate the remainder when h is divided by 48.
12
Let t(m) = 19*m - 55. Calculate the remainder when 123 is divided by t(5).
3
Let x(c) = c**3 + 9*c**2 - 13*c - 70. Calculate the remainder when 368 is divided by x(-9).
39
Calculate the remainder when 23 is divided by 8 - 25/(-11 - -6).
10
Let n(x) = -15*x - 1. Let g(j) = 15*j + 2. Let t(d) = -3*g(d) - 2*n(d). Calculate the remainder when t(-7) is divided by 26.
23
Let a(i) be the third derivative of -5*i**4/24 - 5*i**3 + 24*i**2. What is the remainder when 73 is divided by a(-9)?
13
Let a be (6/4)/(15/10). Let c be 203/21 - a/(-3). Let d = 8 + c. What is the remainder when 51 is divided by d?
15
What is the remainder when ((-7535)/(-10) + (-2)/4)/3 is divided by 43?
36
Let w be (1 - 2)/(1/(-171)). Let a be 2*6/(-48)*(0 - 8). Suppose w = r + a*r. What is the remainder when r is divided by 30?
27
Let w(s) = s**2 - 77*s - 450. Calculate the remainder when 1342 is divided by w(83).
46
Let g = -1161 - -1168. What is the remainder when 690 is divided by g?
4
Let b(s) = s**2 + s + 100. Calculate the remainder when b(0) is divided by 38.
24
Let t(w) = 4 - w + 2*w - 6*w. Suppose 0 = -j + 4*g - 11, 35*j - 40*j + 21 = -g. What is the remainder when t(-3) is divided by j?
4
Suppose 0 = -v - 2*m + 89, -v + 27 + 97 = -5*m. Calculate the remainder when v is divided by 5.
4
Let r = 12 - 10. Suppose 0 = -0*j - 4*j + 8, 2*f + r*j - 8 = 0. Suppose -f*k = -a - 30, -5*k + 2*a = -0*a - 75. Calculate the remainder when 43 is divided by k.
13
Let j = 70 + -66. Suppose -t - 73 - 54 = -5*m, -m - j*t + 38 = 0. Calculate the remainder when 127 is divided by m.
23
Suppose 3*j - j - 84 = 0. Calculate the remainder when j is divided by -1*(2 + 0) + 7.
2
Let k(h) = -27*h**3 + 2*h + 1. Suppose -26*r - 67*r + 960 = 30. What is the remainder when k(-1) is divided by r?
6
Suppose 4*v - 3 - 1 = 0. Let j = v + 1. Suppose 0*t + j*t = -z + 15, 3*z = -3*t + 24. What is the remainder when t is divided by 4?
3
What is the remainder when (236/8 - -3)*(-2)/(-1) is divided by (0 + 23)/((0 - -3)/3)?
19
Suppose 0*i + 2*i = 0. Suppose -5*c + i*c - 30 = s, c - 6 = s. What is the remainder when s/15 + (-394)/(-6) is divided by 22?
21
Suppose 26*q + 275 = 51*q. Calculate the remainder when 147 is divided by q.
4
Let s(u) = 5*u**2 - u. Let x be (10/25)/((-2)/(-5)). Let r be s(x). Suppose 0 = 5*b + 10, -2*f = f - r*b - 56. Calculate the remainder when 77 is divided by f.
13
Calculate the remainder when (-7)/(-5) - 2 - (-8856)/60 is divided by 28.
7
Let m be 1*2 - 60/3. Calculate the remainder when 12 is divided by (-9)/(m/8) + 4.
4
Let z(k) = 14*k - 4. What is the remainder when 70 is divided by z(2)?
22
Let u = -36 + 75. Calculate the remainder when (-69)/(-2)*(-300)/(-90) is divided by u.
37
Let n be (-5)/((1 - 0) + -2). Suppose 0 = 5*f + 15, h - n*f - 155 = -47. Calculate the remainder when h is divided by 24.
21
Let t(x) = 2*x**3 - 6*x**3 + 4*x**3 + 4*x + 8*x**2 - x**3 - 9. What is the remainder when 251 is divided by t(8)?
21
Suppose 78 = 2*o + 3*l + 58, 0 = l - 2. What is the remainder when 221 is divided by o?
4
Let l = -14 - -17. Suppose m + 4*o - 92 = -l*m, 54 = 2*m + 4*o. Calculate the remainder when m is divided by 11.
8
Suppose 0 = -l - 2 + 10. Suppose -3*u = -l*u. Suppose 2*j = -u*j + 2. What is the remainder when j is divided by 1?
0
Suppose 0 = z - 3. Suppose -z*x + 5*r = -78, -3*x + 87 = x - r. Let n = x + -9. What is the remainder when 23 is divided by n?
11
Suppose 2 = 3*f - 7. Let d be (-2)/(4/(-2))*(-14 - -18). Suppose 4*g - 220 = -d*k, -4*g = -f*k - 2*g + 1